- 115*a**2 + 428*a**2 - 11*a. Is k(4) a prime number?
False
Let f = 327 + -323. Is (6/f)/(9/20154) prime?
True
Let d be -3615 + 20 + (-5)/(-1). Let w = 9259 + d. Is w a prime number?
True
Suppose 16*i - 63 = 1. Suppose -4*x + 17570 = -3*g, 4*x = -0*x + i*g + 17572. Is x a prime number?
True
Let a(q) be the first derivative of -q**4/4 - 7*q**3/3 - 4*q**2 - 5*q + 18. Let n be a(-6). Suppose 2*p = 6, -n*m + 8*m - 640 = -3*p. Is m a prime number?
True
Suppose 9*f - f = 4*f + 413548. Is f a composite number?
False
Let r(j) = 4*j**3 + 16*j**2 - 101*j - 389. Is r(54) composite?
False
Is ((-8)/56)/((-7)/7130039) a composite number?
False
Let k(a) = -1618*a + 1283. Is k(-41) a composite number?
True
Let z = 319908 + 548121. Is z a composite number?
True
Let c(d) = 170*d + 36. Let p(w) = w - 1. Let o(q) = c(q) + 3*p(q). Let j(t) = 157*t + 795. Let y be j(-5). Is o(y) a prime number?
False
Let y(c) = -2*c**2 + 32*c + 65. Let z be y(-19). Is (z/(-25))/((-1)/(-5)) composite?
True
Is (0 - -6) + 1450880/(5 + 5) composite?
True
Is (51/(-4))/(13/(182728/(-42))) prime?
False
Let m be (-1 + -2)*4/12*5. Let o(s) = 3*s**2 - s + 7. Let b be o(m). Suppose b = -9*w + 1158. Is w a prime number?
False
Suppose 29801 = m - r - 11482, 3*m + 4*r = 123856. Let z = m + -19929. Is z a prime number?
False
Suppose 9*g = 8*g - 741. Let f = g - -4524. Suppose -12*j + f = -3261. Is j prime?
True
Let v(h) = -147*h**2 + 4*h - 26. Let g(o) = -73*o**2 + 3*o - 12. Let c(u) = -7*g(u) + 3*v(u). Is c(8) composite?
True
Is (50/350)/(-1 + 12420/12418) a prime number?
True
Let l(i) = 7*i**2 + 2*i + 70. Let j be l(12). Let m = 1980 - j. Is m a prime number?
False
Suppose 598 = 3*c - 5*w, 2*c - 387 = -0*w + w. Suppose -c*j - 11499 = -194*j. Is j a prime number?
True
Let l(x) = 7*x**3 + 5*x**2 - x + 7. Let y be l(-5). Let j = y - -1304. Let s = j + -383. Is s composite?
True
Let j(g) = -25*g - 187. Let f be j(-7). Is (-5260)/(-6)*f/(-40)*5 a composite number?
True
Suppose 0 = -3*l + f - 38, f - 54 = 4*l - 2*f. Let i(q) be the first derivative of q**4/4 + 5*q**3 + 2*q**2 - 3*q + 11. Is i(l) composite?
True
Let b(g) = g**2 - 12*g + 30. Let q be b(9). Suppose -20 = 13*o - q*o. Is ((-52)/12)/(o/72) - -3 a composite number?
True
Let q = 10632 - -45959. Is q prime?
True
Let s be ((-1)/4)/(2/8) + 2117. Suppose -5*t = -2*c - 8371 + s, c - 2511 = -2*t. Is t composite?
True
Suppose 14*g - 6*g = -64. Let a(n) = -4*n**3 - 7*n**2 + 21*n - 35. Is a(g) prime?
False
Suppose 28*v + 3*v - 62 = 0. Suppose 6792 = 2*j - v*q, 3*q = -4*j - 0*q + 13619. Is j composite?
True
Let a be 54626/52 + 3/(-2). Suppose -2*r - 2*n + a = -1685, 0 = -5*r - 2*n + 6835. Is r a composite number?
False
Let a be ((-34)/(-12))/(38/456). Is (-200)/1700 - (-17718)/a prime?
True
Let v(p) = 588*p**2 - 18*p + 55. Let s be v(3). Suppose -3*u - z + s = -16332, -5*u - 5*z = -36055. Is u composite?
False
Suppose -2*i + 0*i + 13 = 3*y, 0 = -i - 5*y + 10. Suppose -5*a - 4*b - 5190 = 0, i*b = -3*a - 2519 - 595. Let p = -589 - a. Is p prime?
True
Let h(b) = 4*b**2 + 32*b - 85. Let s = -39 + 37. Let z(o) = -o**2 - 8*o + 21. Let c(u) = s*h(u) - 9*z(u). Is c(-18) a composite number?
True
Let a be 2/4 + 0 + 11/(-22). Suppose 2*d = -3*k + 11079, -4*k - 4*d + 4090 + 10686 = a. Is k a composite number?
False
Suppose 22*w + 325 = 17*w. Let s be (1 - w)*(2 + (-140)/(-21)). Suppose 0*y + s = 4*y. Is y composite?
True
Suppose 2*x - 2*j - 6 = -12, -x - 2*j + 6 = 0. Suppose -5*b - 4*g = -34, -3*b - 3*g + x*g = -21. Let i(l) = 2*l**3 - 7*l**2 + 3*l + 3. Is i(b) a prime number?
False
Let u = 213 + -176. Suppose -3*i = -2*c - 1464, 3*c + 773 + 694 = 3*i. Let k = i - u. Is k a prime number?
True
Suppose 0 = -c - 8*c + 18. Suppose -a = 1, 4*o = -0*o - c*a + 22. Suppose -24 = -o*x + 294. Is x composite?
False
Let h be ((-18)/(-45))/(-1) - 40203/(-45). Let w(k) = -k**2 + 4*k + 4. Let p be w(4). Suppose h = p*i - 2103. Is i a composite number?
True
Is (7063/(-14))/(5/(-530)) composite?
True
Suppose 1942466 = 22*r - 2436260. Is r composite?
False
Let i = -674672 + 1015381. Is i composite?
False
Suppose 50026 = 14058*i - 14056*i. Is i a prime number?
True
Let r be 1233399/(-15) + 6/10. Is r/(-6) + (-4)/(-6) a prime number?
False
Suppose 3*l + 117 + 384 = 3*g, g - 175 = -l. Is (57/g)/(-2 + 276074/138036) composite?
True
Suppose 0 = -2*h + 3*m + 6, -3*m - 2*m - 8 = -3*h. Let v(w) = 14*w + 19. Let p(f) = -12*f - 16. Let r(z) = 2*p(z) + 3*v(z). Is r(h) a composite number?
True
Is (-260)/(-3770) + (-2318577)/(-29) composite?
True
Let n = 946179 + -625862. Is n prime?
True
Suppose -7963 = -3*a - 1948. Let k = a + -1046. Is k a prime number?
False
Suppose 3*i - 1116526 = -g + 3574474, 3*i + 6*g - 4690995 = 0. Is i a prime number?
False
Suppose -569 = -2*c + 3*d, 0 = -d + 1. Suppose 1516 = 5*f + 5*l + c, f = 5*l + 264. Suppose 4*o - 319 - f = 0. Is o composite?
True
Let v = 22485 - -11534. Is v a prime number?
True
Let s(x) = 5*x. Let o be s(-1). Let j be (-2)/o - 13/(-5). Suppose -y - w = -373, y + 0*w - 373 = j*w. Is y a prime number?
True
Let s(t) = 4*t + 14322. Let i be s(0). Let h = -2968 - i. Let j = -4635 - h. Is j prime?
False
Suppose -340*v = -342*v + 5448. Suppose 3*t + 552 = d - 0*t, 5*d - 3*t = v. Is d a prime number?
False
Let i = -15204 - -7772. Let m = 18818 + i. Is m composite?
True
Suppose 2*b - 3*q - 13 = 0, -2 - 12 = -3*b - q. Let x(i) = -15*i + 376. Let v be x(23). Suppose 685 = b*m - 5*r, 583 - v = 4*m - 5*r. Is m composite?
True
Is 2/8*-1*504884/(-1) a composite number?
True
Let z(l) = -161*l - 7. Let o(u) = -u - 2. Let f(q) = -2*o(q) + z(q). Suppose -5*s - 35 = 5*k, -2*s + 0 = -4*k - 4. Is f(s) a composite number?
True
Suppose 31*p = 36*p + 350. Let f = p + 62. Is 2/4 - 5428/f a prime number?
False
Suppose -3*d - 3 = 0, 37*d + 3144931 = 3*a + 33*d. Is a a prime number?
True
Let t(d) = 17*d**2 - 70*d + 206. Is t(-45) composite?
False
Let z(p) = -8*p + 36 + 9*p**2 + 2*p**3 + 5*p**3 + 12 - 33. Is z(8) prime?
True
Let w = -8988 - -37227. Is w composite?
True
Suppose 4*x = 23 + 25. Let f be (-30)/x*(-15848)/20. Suppose -t = -5*t - 5*n + f, 0 = 3*n + 9. Is t a composite number?
False
Let z be 12/14 + 312720/14. Suppose 38*o - 107888 - z = 0. Is o prime?
False
Suppose 17*a = 5*a + 636. Suppose -3*y + h + a = -h, 3*y - 83 = -4*h. Suppose -20*o = -y*o + 146. Is o a composite number?
True
Let v = -251650 + 782955. Is v prime?
False
Let w be 8 + -9 + 151*-107. Is (w/(-7) - -1) + (-26)/91 a prime number?
True
Let l(r) = 586*r - 1083*r + 99 + 834*r. Is l(19) a composite number?
True
Let d be 29/(-9) + (-24)/(-108). Let z(q) = -512*q + 25. Is z(d) a composite number?
True
Let j(t) = 30*t**2 - 4*t + 3*t**3 - 2 - 1 - 32*t**2 - 4*t**3. Let m be j(-1). Is ((-21)/(-6) + m)*(256 - 2) a prime number?
False
Suppose -5*b + 2*c = -549051, 5*b + 2*c = -114290 + 663349. Is b composite?
True
Let h(s) = -1483018*s**3 + 2*s**2 + 251*s + 250. Is h(-1) composite?
False
Suppose -4*d = 2*w - 3630, -5*w + 3633 = 4*d - 0*d. Let h = -560 + d. Is h a composite number?
False
Let f(q) = -7 - 11*q**2 - 8*q + 5*q**3 + 8*q**3 + 3 - 2*q. Let a be f(-8). Is (3/(-2))/(9/a) a prime number?
False
Let j(k) = -35*k**3 + 84*k**2 + 2154*k - 43. Is j(-22) a composite number?
True
Suppose 0 = -2*i - 17*i + 114. Let y be (2 + 168/(-9))*(-6921)/i. Suppose 10*p - y = 5*p. Is p prime?
False
Suppose -s = 1121 - 10722. Is s a composite number?
False
Let i(x) = 157*x**3 - 2. Let u be i(3). Suppose -3*r = -r - 8, 3*r = z - u. Is z a prime number?
False
Let l be ((-8)/10)/((-18)/(-4185)). Let x be 66/(-4)*222/(-9). Let s = x + l. Is s prime?
False
Suppose 0 = -3*q + 5*z + 2779, 155*z - 154*z = 3*q - 2783. Suppose 4*x + 5*s - 9920 = 0, 3*x - 7459 = s - 0*s. Suppose -x + q = -3*u. Is u a composite number?
True
Let a(x) = 797*x - 4. Let z be a(-2). Is (-42)/(-189) - z/18 composite?
False
Let i(o) = o**3 + 53*o**2 + 24*o - 25. Let d be i(-21). Let j = d + -816. Is j composite?
True
Suppose -154 = -2*v + 4*b, -7*b = -5*v - 8*b + 429. Is 2*5/v + (-85098)/(-34) composite?
False
Let s(j) = -608*j**2 + 6*j - 9. Let w be s(2). Let q = w + 8863. Is q prime?
False
Let d(v) = 80*v**2 - 18*v - 10. Let p be d(-6). Let z = p + 276. Is z a composite number?
True
Let h = 385 - 385. Suppose h = -28*w + 18*w + 5430. Is w prime?
Fals